st common divisor of 12 and 534.
6
What is the greatest common divisor of 19 and 209?
19
Calculate the highest common divisor of 9 and 129.
3
Calculate the highest common factor of 188 and 141.
47
What is the highest common factor of 18 and 1602?
18
What is the highest common divisor of 111 and 259?
37
Calculate the greatest common factor of 342 and 18.
18
Calculate the highest common divisor of 999 and 27.
27
Calculate the greatest common factor of 10541 and 508.
127
Calculate the greatest common divisor of 455 and 182.
91
What is the greatest common factor of 462 and 84?
42
Calculate the highest common divisor of 9 and 9.
9
Calculate the highest common factor of 4 and 68.
4
What is the highest common factor of 56 and 1752?
8
What is the greatest common divisor of 29700 and 25?
25
What is the greatest common factor of 177 and 59?
59
Calculate the highest common factor of 11203 and 136.
17
Calculate the highest common factor of 140 and 105.
35
What is the greatest common factor of 36 and 4194?
18
Calculate the greatest common factor of 1424 and 80.
16
What is the greatest common divisor of 264 and 24?
24
What is the greatest common divisor of 2 and 22?
2
Calculate the highest common divisor of 177 and 7375.
59
Calculate the greatest common factor of 18767 and 49.
49
What is the highest common factor of 316 and 4?
4
Calculate the highest common divisor of 328 and 410.
82
Calculate the greatest common factor of 11 and 22528.
11
Calculate the highest common factor of 3306 and 76.
38
What is the greatest common factor of 90 and 1440?
90
Calculate the greatest common factor of 74 and 15947.
37
Calculate the greatest common factor of 32 and 24.
8
Calculate the highest common divisor of 56 and 84.
28
What is the highest common factor of 52 and 3796?
52
What is the greatest common divisor of 14 and 14?
14
What is the highest common divisor of 1940 and 40?
20
What is the highest common divisor of 129 and 9?
3
What is the greatest common divisor of 1173 and 68?
17
What is the highest common factor of 141 and 3666?
141
What is the greatest common factor of 96 and 1312?
32
Calculate the greatest common factor of 7 and 427.
7
What is the highest common divisor of 3 and 1201?
1
Calculate the highest common divisor of 40 and 280.
40
Calculate the greatest common factor of 264 and 462.
66
Calculate the greatest common divisor of 49 and 7.
7
What is the greatest common factor of 33 and 550?
11
What is the highest common divisor of 5 and 125?
5
Calculate the greatest common factor of 416 and 52.
52
Calculate the greatest common factor of 237 and 60.
3
Calculate the greatest common divisor of 546 and 39.
39
What is the highest common factor of 441 and 14?
7
What is the greatest common factor of 11 and 11?
11
What is the highest common factor of 1204 and 84?
28
Calculate the greatest common factor of 10 and 5230.
10
Calculate the highest common factor of 4 and 1448.
4
What is the highest common divisor of 820 and 60?
20
Calculate the greatest common divisor of 87 and 899.
29
Calculate the greatest common divisor of 12 and 3.
3
What is the greatest common divisor of 27830 and 230?
230
Calculate the highest common divisor of 10206 and 252.
126
Calculate the greatest common factor of 1001 and 637.
91
What is the greatest common factor of 1025 and 5?
5
Calculate the highest common factor of 420 and 930.
30
Calculate the highest common factor of 12 and 54.
6
Calculate the greatest common factor of 56 and 10612.
28
Calculate the highest common factor of 14 and 1792.
14
What is the highest common factor of 48 and 2400?
48
Calculate the greatest common factor of 1 and 47.
1
Calculate the highest common divisor of 273 and 637.
91
What is the highest common divisor of 14 and 2?
2
Calculate the highest common divisor of 468 and 36.
36
What is the greatest common divisor of 2652 and 51?
51
What is the greatest common factor of 627 and 456?
57
Calculate the greatest common divisor of 188 and 235.
47
Calculate the greatest common factor of 594 and 918.
54
What is the highest common factor of 168 and 231?
21
What is the highest common divisor of 1168 and 16?
16
Calculate the highest common factor of 33 and 11594.
11
What is the greatest common divisor of 153 and 6477?
51
Calculate the highest common factor of 2864 and 64.
16
Calculate the highest common divisor of 18 and 26.
2
What is the highest common factor of 228 and 12255?
57
What is the greatest common divisor of 182 and 2106?
26
What is the highest common factor of 1176 and 24?
24
Calculate the highest common factor of 116 and 12.
4
What is the highest common factor of 840 and 434?
14
Calculate the highest common divisor of 988 and 52.
52
What is the greatest common divisor of 3013 and 1048?
131
What is the highest common divisor of 12856 and 8?
8
What is the highest common divisor of 13733 and 155?
31
Calculate the greatest common factor of 19396 and 208.
52
What is the greatest common divisor of 12 and 1728?
12
What is the greatest common factor of 108 and 3186?
54
Calculate the highest common divisor of 10872 and 27.
9
What is the greatest common factor of 15 and 20?
5
What is the highest common factor of 112 and 1288?
56
What is the greatest common divisor of 110 and 10615?
55
Calculate the highest common factor of 247 and 52.
13
Calculate the greatest common divisor of 66 and 176.
22
Calculate the highest common divisor of 4998 and 102.
102
Calculate the greatest common factor of 264 and 18.
6
Calculate the highest common factor of 91 and 14.
7
What is the greatest common divisor of 432 and 1008?
144
Calculate the greatest common factor of 182 and 1792.
14
Calculate the highest common factor of 184 and 2990.
46
Calculate the greatest common divisor of 16 and 56.
8
What is the greatest common factor of 1035 and 18?
9
Calculate the greatest common factor of 964 and 723.
241
What is the greatest common divisor of 32 and 96?
32
Calculate the highest common divisor of 32 and 4768.
32
Calculate the highest common divisor of 715 and 2665.
65
What is the greatest common factor of 20 and 500?
20
What is the greatest common factor of 20 and 1450?
10
Calculate the highest common factor of 258 and 42.
6
What is the highest common divisor of 51970 and 10?
10
What is the greatest common divisor of 1924 and 52?
52
Calculate the greatest common divisor of 290 and 319.
29
What is the highest common factor of 15 and 4295?
5
Calculate the highest common divisor of 610 and 31415.
305
What is the greatest common factor of 3 and 23?
1
Calculate the highest common factor of 3 and 13449.
3
What is the greatest common factor of 3316 and 4?
4
Calculate the highest common divisor of 64 and 2880.
64
Calculate the highest common divisor of 11 and 979.
11
Calculate the highest common divisor of 805 and 35.
35
What is the highest common factor of 228 and 420?
12
What is the greatest common divisor of 19367 and 321?
107
Calculate the greatest common divisor of 80 and 810.
10
Calculate the highest common factor of 6422 and 152.
38
Calculate the highest common factor of 285 and 30.
15
Calculate the highest common factor of 108 and 135.
27
Calculate the greatest common divisor of 10504 and 104.
104
What is the greatest common divisor of 176 and 33?
11
Calculate the highest common factor of 44 and 1210.
22
Calculate the highest common divisor of 231 and 2277.
33
What is the greatest common divisor of 64612 and 116?
116
Calculate the greatest common divisor of 4790 and 180.
10
What is the greatest common divisor of 492 and 1?
1
Calculate the highest common factor of 65 and 533.
13
Calculate the highest common divisor of 24 and 228.
12
What is the highest common factor of 27 and 3537?
27
Calculate the greatest common divisor of 209 and 121.
11
Calculate the highest common factor of 1027 and 79.
79
What is the highest common divisor of 621 and 27?
27
Calculate the greatest common factor of 1113 and 21.
21
What is the greatest common factor of 2060 and 14?
2
What is the highest common divisor of 120 and 135?
15
What is the highest common factor of 779 and 3477?
19
What is the highest common divisor of 64 and 2112?
64
Calculate the greatest common factor of 366 and 6.
6
Calculate the highest common factor of 2343 and 3.
3
What is the highest common fa